{"id":199,"date":"2017-12-30T17:34:39","date_gmt":"2017-12-30T16:34:39","guid":{"rendered":"http:\/\/ernaehrungsberatung-bonn.com\/?page_id=8"},"modified":"2022-10-30T15:45:49","modified_gmt":"2022-10-30T14:45:49","slug":"ernaehrungsberatung","status":"publish","type":"page","link":"https:\/\/ernaehrungsberatung-bonn.com\/wordpress\/ernaehrungsberatung\/","title":{"rendered":"Ern\u00e4hrungsberatung"},"content":{"rendered":"<p><strong><span style=\"color: #000000;\">Individuelle\u00a0 <span style=\"font-family: Verdana, sans-serif; font-size: medium;\">Ern\u00e4hrungsberatungen im pr\u00e4ventiven Bereich\u00a0k\u00f6nnen von den Krankenkassen nach \u00a7 20 SGB V unterst\u00fctzt werden.<\/span><\/span><\/strong><\/p>\n<p>Individuelle Ern\u00e4hrungsberatungen sind f\u00fcr Menschen sinnvoll, die<\/p>\n<ul>\n<li>sich in einer speziellen Lebensphase (Schwangere, Stillzeit, Wechseljahre usw.) befinden.<\/li>\n<li>sich um eine ausreichende Versorgung mit N\u00e4hrstoffen, Vitaminen, Mineralstoffen und Spurenelementen k\u00fcmmern wollen und damit gesundheitlichen Problemen vorbeugen wollen.<\/li>\n<li>sich vegetarisch oder vegan ern\u00e4hren.<\/li>\n<li>Diabetes vorbeugen wollen.<\/li>\n<\/ul>\n<p><strong><span style=\"color: #000000;\">Ich\u00a0 biete neben der Auswertung ihres individuellen Ern\u00e4hrungsprotokolls eine schriftliche individuelle Ern\u00e4hrungsempfehlung.<\/span><\/strong><\/p>\n<p>Die individuelle Ern\u00e4hrungsberatung ist registriert in der <a href=\"https:\/\/www.zentrale-pruefstelle-praevention.de\/\" target=\"_blank\" rel=\"noopener\">zentralen Datenbank Pr\u00e4vention der Krankenkassen<\/a> und wird bezuschusst.<\/p>\n","protected":false},"excerpt":{"rendered":"<p>Individuelle\u00a0 Ern\u00e4hrungsberatungen im pr\u00e4ventiven Bereich\u00a0k\u00f6nnen von den Krankenkassen nach \u00a7 20 SGB V unterst\u00fctzt werden. Individuelle Ern\u00e4hrungsberatungen sind f\u00fcr Menschen &hellip; <\/p>\n","protected":false},"author":2,"featured_media":0,"parent":0,"menu_order":0,"comment_status":"closed","ping_status":"closed","template":"","meta":[],"_links":{"self":[{"href":"https:\/\/ernaehrungsberatung-bonn.com\/wordpress\/wp-json\/wp\/v2\/pages\/199"}],"collection":[{"href":"https:\/\/ernaehrungsberatung-bonn.com\/wordpress\/wp-json\/wp\/v2\/pages"}],"about":[{"href":"https:\/\/ernaehrungsberatung-bonn.com\/wordpress\/wp-json\/wp\/v2\/types\/page"}],"author":[{"embeddable":true,"href":"https:\/\/ernaehrungsberatung-bonn.com\/wordpress\/wp-json\/wp\/v2\/users\/2"}],"replies":[{"embeddable":true,"href":"https:\/\/ernaehrungsberatung-bonn.com\/wordpress\/wp-json\/wp\/v2\/comments?post=199"}],"version-history":[{"count":5,"href":"https:\/\/ernaehrungsberatung-bonn.com\/wordpress\/wp-json\/wp\/v2\/pages\/199\/revisions"}],"predecessor-version":[{"id":395,"href":"https:\/\/ernaehrungsberatung-bonn.com\/wordpress\/wp-json\/wp\/v2\/pages\/199\/revisions\/395"}],"wp:attachment":[{"href":"https:\/\/ernaehrungsberatung-bonn.com\/wordpress\/wp-json\/wp\/v2\/media?parent=199"}],"curies":[{"name":"wp","href":"https:\/\/api.w.org\/{rel}","templated":true}]}}